factor of 13051?
False
Is 13936 a multiple of 26?
True
Does 33 divide 18645?
True
Is 408 a multiple of 6?
True
Is 11 a factor of 5665?
True
Is 228 a factor of 15732?
True
Is 69 a factor of 5739?
False
Is 60 a multiple of 6?
True
Is 10 a factor of 244?
False
Does 24 divide 13584?
True
Is 14 a factor of 602?
True
Is 9 a factor of 16289?
False
Does 25 divide 1875?
True
Does 10 divide 39?
False
Is 68 a multiple of 34?
True
Is 172 a multiple of 4?
True
Is 14 a factor of 763?
False
Is 139 a factor of 3058?
True
Is 1995 a multiple of 19?
True
Is 19504 a multiple of 106?
True
Is 10 a factor of 7634?
False
Is 449 a multiple of 10?
False
Does 14 divide 12460?
True
Is 14 a factor of 476?
True
Is 19 a factor of 56335?
True
Does 18 divide 2407?
False
Does 34 divide 1499?
False
Is 21 a factor of 546?
True
Does 79 divide 93694?
True
Is 269 a factor of 57297?
True
Is 640 a multiple of 20?
True
Does 61 divide 7734?
False
Is 4 a factor of 84?
True
Is 30 a factor of 4770?
True
Is 14 a factor of 28?
True
Does 7 divide 10381?
True
Does 45 divide 270?
True
Does 12 divide 24344?
False
Is 143 a multiple of 4?
False
Is 35088 a multiple of 86?
True
Is 1500 a multiple of 15?
True
Does 51 divide 6507?
False
Is 1749 a multiple of 53?
True
Is 133 a factor of 5896?
False
Does 22 divide 5566?
True
Is 59 a factor of 65136?
True
Is 2 a factor of 82?
True
Is 7 a factor of 61841?
False
Is 28 a factor of 2065?
False
Is 383 a multiple of 5?
False
Is 3101 a multiple of 27?
False
Does 94 divide 2820?
True
Is 5824 a multiple of 4?
True
Is 35 a factor of 3570?
True
Is 7 a factor of 3737?
False
Does 56 divide 73?
False
Is 117 a factor of 13104?
True
Is 77 a factor of 12166?
True
Is 19100 a multiple of 100?
True
Is 36 a factor of 3352?
False
Is 75 a factor of 1125?
True
Is 30500 a multiple of 10?
True
Is 309 a multiple of 3?
True
Is 605 a multiple of 8?
False
Is 394 a multiple of 5?
False
Does 138 divide 20700?
True
Is 63 a factor of 14001?
False
Is 14 a factor of 854?
True
Is 24 a factor of 8232?
True
Does 4 divide 26?
False
Is 12620 a multiple of 4?
True
Does 6 divide 2112?
True
Is 41 a factor of 22509?
True
Is 20 a factor of 1180?
True
Is 23 a factor of 326?
False
Is 22 a factor of 4400?
True
Is 9 a factor of 882?
True
Is 21 a factor of 189?
True
Is 38 a factor of 3952?
True
Does 6 divide 874?
False
Is 17085 a multiple of 85?
True
Is 32 a factor of 3359?
False
Is 50 a factor of 750?
True
Does 3 divide 459?
True
Is 6 a factor of 4536?
True
Is 6 a factor of 14598?
True
Is 11 a factor of 206?
False
Is 2762 a multiple of 7?
False
Does 20 divide 4247?
False
Is 1532 a multiple of 50?
False
Is 83 a factor of 679?
False
Is 68 a factor of 1224?
True
Does 35 divide 595?
True
Is 50 a multiple of 3?
False
Is 1344 a multiple of 24?
True
Does 34 divide 755?
False
Does 33 divide 18788?
False
Does 41 divide 30135?
True
Is 114 a factor of 10260?
True
Is 3 a factor of 128?
False
Does 18 divide 1541?
False
Does 21 divide 613?
False
Does 33 divide 132?
True
Does 21 divide 819?
True
Is 101 a multiple of 2?
False
Is 4 a factor of 24122?
False
Is 29 a factor of 12093?
True
Is 5 a factor of 52?
False
Does 51 divide 5865?
True
Is 39 a factor of 3822?
True
Does 4 divide 374?
False
Does 16 divide 448?
True
Is 200 a multiple of 8?
True
Does 26 divide 6782?
False
Is 1680 a multiple of 24?
True
Is 127 a factor of 2023?
False
Is 29 a factor of 261?
True
Is 7 a factor of 75355?
True
Is 156 a factor of 14352?
True
Is 28 a factor of 1428?
True
Is 5151 a multiple of 12?
False
Is 11415 a multiple of 49?
False
Is 28801 a multiple of 6?
False
Is 206 a multiple of 103?
True
Is 5017 a multiple of 38?
False
Is 1868 a multiple of 25?
False
Does 19 divide 109?
False
Is 8 a factor of 969?
False
Does 18 divide 162?
True
Is 2806 a multiple of 38?
False
Is 8 a factor of 3988?
False
Is 46 a factor of 1940?
False
Does 13 divide 676?
True
Does 5 divide 367?
False
Does 15 divide 7276?
False
Does 40 divide 51529?
False
Does 10 divide 3220?
True
Is 38 a multiple of 5?
False
Does 14 divide 168?
True
Does 138 divide 2484?
True
Does 60 divide 29548?
False
Is 741 a multiple of 57?
True
Is 26 a factor of 13494?
True
Is 300 a multiple of 10?
True
Does 112 divide 3436?
False
Is 4026 a multiple of 33?
True
Is 53351 a multiple of 13?
False
Is 24 a factor of 8448?
True
Does 131 divide 29082?
True
Is 529 a multiple of 10?
False
Does 12 divide 319?
False
Does 16 divide 1840?
True
Does 14 divide 868?
True
Does 72 divide 3384?
True
Is 123 a multiple of 41?
True
Is 12599 a multiple of 4?
False
Is 50895 a multiple of 145?
True
Is 69264 a multiple of 144?
True
Does 4 divide 2356?
True
Is 333 a factor of 101546?
False
Does 134 divide 37520?
True
Does 112 divide 5491?
False
Is 7 a factor of 312?
False
Is 10 a factor of 1117?
False
Is 449 a multiple of 26?
False
Does 40 divide 20000?
True
Is 32 a factor of 3149?
False
Is 256 a multiple of 29?
False
Is 108 a multiple of 2?
True
Is 466 a multiple of 77?
False
Is 11 a factor of 264?
True
Is 7 a factor of 77?
True
Is 594 a multiple of 33?
True
Is 3 a factor of 2309?
False
Does 6 divide 22465?
False
Is 4050 a multiple of 18?
True
Is 1204 a multiple of 3?
False
Does 6 divide 8152?
False
Is 58814 a multiple of 29?
False
Does 231 divide 42504?
True
Is 14 a factor of 19904?
False
Is 31 a factor of 427?
False
Is 93 a factor of 166842?
True
Does 8 divide 255?
False
Is 285 a multiple of 19?
True
Does 27 divide 182?
False
Is 8099 a multiple of 91?
True
Is 6 a factor of 396?
True
Is 1514 a multiple of 5?
False
Is 2199 a multiple of 8?
False
Is 17392 a multiple of 8?
True
Is 28256 a multiple of 5?
False
Is 92 a multiple of 23?
True
Is 1757 a multiple of 79?
False
Does 144 divide 20101?
False
Is 317 a multiple of 51?
False
Does 11 divide 1584?
True
Is 14672 a multiple of 112?
True
Is 15 a factor of 46350?
True
Is 7 a factor of 14483?
True
Does 16 divide 911?
False
Is 263 a multiple of 3?
False
Does 136 divide 8840?
True
Is 65 a factor of 11934?
False
Does 17 divide 2397?
True
Is 38 a factor of 722?
True
Is 62640 a multiple of 290?
True
Is 137 a factor of 73047?
False
Is 116 a factor of 6264?
True
Does 8 divide 3136?
True
Is 18490 a multiple of 86?
True
Is 31 even?
False
Is 17110 a multiple of 12?
False
Does 56 divide 1624?
True
Does 18 divide 5322?
False
Is 30 a multiple of 30?
True
Does 73 divide 16498?
True
Is 225 a multiple of 25?
True
Is 720 a multiple of 12?
True
Is 15 a factor of 241?
False
Is 4191 a multiple of 2?
False
Is 166 a factor of 41500?
True
Is 16 a factor of 262?
False
Does 6 divide 3360?
True
Is 293 a multiple of 12?
False
Is 493 a multiple of 29?
True
Does 74 divide 15096?
True
Does 61 divide 4331?
True
Is 68606 a multiple of 113?
False
Is 12264 a multiple of 147?
False
Does 6 divide 2346?
True
Is 3346 a multiple of 14?
True
Does 29 divide 63753?
False
Is 42 a factor of 16212?
True
Does 37 divide 2470?
False
Is 14 a multiple of 14?
True
Is 1148 a multiple of 7?
True
Is 1758 a multiple of 48?
False
Is 15164 a multiple of 155?
False
Is 59 a factor of 10620?
True
Is 50 a factor of 400?
True
Is 24957 a multiple of 47?
True
Is 3 a factor of 1821?
True
Is 86 a factor of 602?
True
Is 6 a factor of 5915?
False
Is 3306 a multiple of 19?
True
Is 102 a factor of 102?
True
Is 2048 a multiple of 4?
True
Is 1968 a multiple of 12?
True
Does 25 divide 33214?
False
Is 36401 a multiple of 11?
False
Is 75 a factor of 8925?
True
Is 21 a factor of 30994?
False
Is 271 a multiple of 27?
False
Is 410 a multiple of 11?
False
Is 89 a multiple of 20?
False
Is 14 a factor of 364?
True
Is 3000 a multiple of 50?
True
Does 13 divide 4667?
True
Does 18 divide 17383?
False
Does 15 divide 13062?
False
Is 297 a multiple of 33?
True
Does 7 divide 1694?
True
Does 14 divide 6213?
False
Is 15254 a multiple of 18?
False
Does 5 divide 1315?
True
Is 49 a factor of 686?
True
Is 10 a factor of 380?
True
Is 1456 a multiple of 14?
True
Is 7676 a multiple of 131?
False
Does 221 divide 23899?
False
Does 21 divide 11328?
False
Is 57939 a multiple of 226?
False
Does 13 divide 741?
True
Is 25 a factor of 2850?
True
Is 9 a factor of 255?
False
Is 4498 a multiple of 26?
True
Is 12 a factor of 119448?
True
Is 62580 a multiple of 60?
True
Does 246 divide 5412?
True
Is 11 a factor of 36?
False
Does 99 divide 36927?
True
Does 23 divide 65?
False
Is 2 a 